{"id":39,"date":"2020-01-21T16:51:16","date_gmt":"2020-01-21T15:51:16","guid":{"rendered":"https:\/\/www.novorodenec.sk\/web\/?page_id=39"},"modified":"2020-02-04T21:49:38","modified_gmt":"2020-02-04T20:49:38","slug":"konferencie","status":"publish","type":"page","link":"https:\/\/www.novorodenec.sk\/web\/?page_id=39","title":{"rendered":"Konferencie"},"content":{"rendered":"\n<p>Aby sme novorodencom zaistili \u010do mo\u017eno najlep\u0161iu mo\u017en\u00fa starostlivos\u0165, potrebujeme najaktu\u00e1lnej\u0161ie a najnov\u0161ie inform\u00e1cie od svetov\u00fdch expertov v neonatol\u00f3gii, preto<br> sme pravideln\u00fdmi \u00fa\u010dastn\u00edkmi a organiz\u00e1tormi medzin\u00e1rodn\u00fdch konferenci\u00ed v Ko\u0161iciach: <\/p>\n\n\n\n<p>Ko\u0161ick\u00e9 neonatologick\u00e9 konferencie od roku 2005 <\/p>\n\n\n\n<div class=\"wp-block-file\"><a href=\"https:\/\/www.novorodenec.sk\/web\/wp-content\/uploads\/2020\/01\/NEOKE_program_2016.pdf\">NEOKE_2016_program<\/a><a href=\"https:\/\/www.novorodenec.sk\/web\/wp-content\/uploads\/2020\/01\/NEOKE_program_2016.pdf\" class=\"wp-block-file__button\" download>Stiahnu\u0165<\/a><\/div>\n\n\n\n<div class=\"wp-block-file\"><a href=\"https:\/\/www.novorodenec.sk\/web\/wp-content\/uploads\/2020\/01\/neonato_2005_plagat.pdf\">NEOKE_2016_plagat<\/a><a href=\"https:\/\/www.novorodenec.sk\/web\/wp-content\/uploads\/2020\/01\/neonato_2005_plagat.pdf\" class=\"wp-block-file__button\" download>Stiahnu\u0165<\/a><\/div>\n\n\n\n<div class=\"wp-block-file\"><a href=\"https:\/\/www.novorodenec.sk\/web\/wp-content\/uploads\/2020\/01\/neonato_2014_program.pdf\">neonato_2014_program<\/a><a href=\"https:\/\/www.novorodenec.sk\/web\/wp-content\/uploads\/2020\/01\/neonato_2014_program.pdf\" class=\"wp-block-file__button\" download>Stiahnu\u0165<\/a><\/div>\n\n\n\n<div class=\"wp-block-file\"><a href=\"https:\/\/www.novorodenec.sk\/web\/wp-content\/uploads\/2020\/01\/neonato_2014_plagat.pdf\">neonato_2014_plagat<\/a><a href=\"https:\/\/www.novorodenec.sk\/web\/wp-content\/uploads\/2020\/01\/neonato_2014_plagat.pdf\" class=\"wp-block-file__button\" download>Stiahnu\u0165<\/a><\/div>\n\n\n\n<div class=\"wp-block-file\"><a href=\"https:\/\/www.novorodenec.sk\/web\/wp-content\/uploads\/2020\/01\/neonato_2012_program.pdf\">neonato_2012_program<\/a><a href=\"https:\/\/www.novorodenec.sk\/web\/wp-content\/uploads\/2020\/01\/neonato_2012_program.pdf\" class=\"wp-block-file__button\" download>Stiahnu\u0165<\/a><\/div>\n\n\n\n<div class=\"wp-block-file\"><a href=\"https:\/\/www.novorodenec.sk\/web\/wp-content\/uploads\/2020\/01\/neonato_2012_plagat.pdf\">neonato_2012_plagat<\/a><a href=\"https:\/\/www.novorodenec.sk\/web\/wp-content\/uploads\/2020\/01\/neonato_2012_plagat.pdf\" class=\"wp-block-file__button\" download>Stiahnu\u0165<\/a><\/div>\n\n\n\n<div class=\"wp-block-file\"><a href=\"https:\/\/www.novorodenec.sk\/web\/wp-content\/uploads\/2020\/01\/neonato_2010_program.pdf\">neonato_2010_program<\/a><a href=\"https:\/\/www.novorodenec.sk\/web\/wp-content\/uploads\/2020\/01\/neonato_2010_program.pdf\" class=\"wp-block-file__button\" download>Stiahnu\u0165<\/a><\/div>\n\n\n\n<div class=\"wp-block-file\"><a href=\"https:\/\/www.novorodenec.sk\/web\/wp-content\/uploads\/2020\/01\/neonato_2010_plagat.pdf\">neonato_2010_plagat<\/a><a href=\"https:\/\/www.novorodenec.sk\/web\/wp-content\/uploads\/2020\/01\/neonato_2010_plagat.pdf\" class=\"wp-block-file__button\" download>Stiahnu\u0165<\/a><\/div>\n\n\n\n<div class=\"wp-block-file\"><a href=\"https:\/\/www.novorodenec.sk\/web\/wp-content\/uploads\/2020\/01\/neonato_2009_program.pdf\">neonato_2009_program<\/a><a href=\"https:\/\/www.novorodenec.sk\/web\/wp-content\/uploads\/2020\/01\/neonato_2009_program.pdf\" class=\"wp-block-file__button\" download>Stiahnu\u0165<\/a><\/div>\n\n\n\n<div class=\"wp-block-file\"><a href=\"https:\/\/www.novorodenec.sk\/web\/wp-content\/uploads\/2020\/01\/neonato_2009_plagat.pdf\">neonato_2009_plagat<\/a><a href=\"https:\/\/www.novorodenec.sk\/web\/wp-content\/uploads\/2020\/01\/neonato_2009_plagat.pdf\" class=\"wp-block-file__button\" download>Stiahnu\u0165<\/a><\/div>\n\n\n\n<div class=\"wp-block-file\"><a href=\"https:\/\/www.novorodenec.sk\/web\/wp-content\/uploads\/2020\/01\/neonato_2007_program.pdf\">neonato_2007_program<\/a><a href=\"https:\/\/www.novorodenec.sk\/web\/wp-content\/uploads\/2020\/01\/neonato_2007_program.pdf\" class=\"wp-block-file__button\" download>Stiahnu\u0165<\/a><\/div>\n\n\n\n<div class=\"wp-block-file\"><a href=\"https:\/\/www.novorodenec.sk\/web\/wp-content\/uploads\/2020\/01\/neonato_2007_plagat.pdf\">neonato_2007_plagat<\/a><a href=\"https:\/\/www.novorodenec.sk\/web\/wp-content\/uploads\/2020\/01\/neonato_2007_plagat.pdf\" class=\"wp-block-file__button\" download>Stiahnu\u0165<\/a><\/div>\n\n\n\n<div class=\"wp-block-file\"><a href=\"https:\/\/www.novorodenec.sk\/web\/wp-content\/uploads\/2020\/01\/neonato_2005_program.pdf\">neonato_2005_program<\/a><a href=\"https:\/\/www.novorodenec.sk\/web\/wp-content\/uploads\/2020\/01\/neonato_2005_program.pdf\" class=\"wp-block-file__button\" download>Stiahnu\u0165<\/a><\/div>\n\n\n\n<p> <\/p>\n","protected":false},"excerpt":{"rendered":"<p>Aby sme novorodencom zaistili \u010do mo\u017eno najlep\u0161iu mo\u017en\u00fa starostlivos\u0165, potrebujeme najaktu\u00e1lnej\u0161ie a najnov\u0161ie inform\u00e1cie od svetov\u00fdch expertov v neonatol\u00f3gii, preto sme pravideln\u00fdmi \u00fa\u010dastn\u00edkmi a organiz\u00e1tormi medzin\u00e1rodn\u00fdch konferenci\u00ed v Ko\u0161iciach: Ko\u0161ick\u00e9 neonatologick\u00e9 konferencie od roku 2005<\/p>\n","protected":false},"author":1,"featured_media":0,"parent":0,"menu_order":0,"comment_status":"closed","ping_status":"closed","template":"","meta":{"_monsterinsights_skip_tracking":false,"_monsterinsights_sitenote_active":false,"_monsterinsights_sitenote_note":"","_monsterinsights_sitenote_category":0,"footnotes":""},"class_list":["post-39","page","type-page","status-publish","hentry"],"yoast_head":"<!-- This site is optimized with the Yoast SEO plugin v23.4 - https:\/\/yoast.com\/wordpress\/plugins\/seo\/ -->\n<title>Konferencie - Novorodenec<\/title>\n<meta name=\"robots\" content=\"index, follow, max-snippet:-1, max-image-preview:large, max-video-preview:-1\" \/>\n<link rel=\"canonical\" href=\"https:\/\/www.novorodenec.sk\/web\/?page_id=39\" \/>\n<meta property=\"og:locale\" content=\"sk_SK\" \/>\n<meta property=\"og:type\" content=\"article\" \/>\n<meta property=\"og:title\" content=\"Konferencie - Novorodenec\" \/>\n<meta property=\"og:description\" content=\"Aby sme novorodencom zaistili \u010do mo\u017eno najlep\u0161iu mo\u017en\u00fa starostlivos\u0165, potrebujeme najaktu\u00e1lnej\u0161ie a najnov\u0161ie inform\u00e1cie od svetov\u00fdch expertov v neonatol\u00f3gii, preto sme pravideln\u00fdmi \u00fa\u010dastn\u00edkmi a organiz\u00e1tormi medzin\u00e1rodn\u00fdch konferenci\u00ed v Ko\u0161iciach: Ko\u0161ick\u00e9 neonatologick\u00e9 konferencie od roku 2005\" \/>\n<meta property=\"og:url\" content=\"https:\/\/www.novorodenec.sk\/web\/?page_id=39\" \/>\n<meta property=\"og:site_name\" content=\"Novorodenec\" \/>\n<meta property=\"article:modified_time\" content=\"2020-02-04T20:49:38+00:00\" \/>\n<meta name=\"twitter:card\" content=\"summary_large_image\" \/>\n<script type=\"application\/ld+json\" class=\"yoast-schema-graph\">{\"@context\":\"https:\/\/schema.org\",\"@graph\":[{\"@type\":\"WebPage\",\"@id\":\"https:\/\/www.novorodenec.sk\/web\/?page_id=39\",\"url\":\"https:\/\/www.novorodenec.sk\/web\/?page_id=39\",\"name\":\"Konferencie - Novorodenec\",\"isPartOf\":{\"@id\":\"https:\/\/www.novorodenec.sk\/web\/#website\"},\"datePublished\":\"2020-01-21T15:51:16+00:00\",\"dateModified\":\"2020-02-04T20:49:38+00:00\",\"breadcrumb\":{\"@id\":\"https:\/\/www.novorodenec.sk\/web\/?page_id=39#breadcrumb\"},\"inLanguage\":\"sk-SK\",\"potentialAction\":[{\"@type\":\"ReadAction\",\"target\":[\"https:\/\/www.novorodenec.sk\/web\/?page_id=39\"]}]},{\"@type\":\"BreadcrumbList\",\"@id\":\"https:\/\/www.novorodenec.sk\/web\/?page_id=39#breadcrumb\",\"itemListElement\":[{\"@type\":\"ListItem\",\"position\":1,\"name\":\"Home\",\"item\":\"https:\/\/www.novorodenec.sk\/web\/\"},{\"@type\":\"ListItem\",\"position\":2,\"name\":\"Konferencie\"}]},{\"@type\":\"WebSite\",\"@id\":\"https:\/\/www.novorodenec.sk\/web\/#website\",\"url\":\"https:\/\/www.novorodenec.sk\/web\/\",\"name\":\"Novorodenec\",\"description\":\"www.novorodenec.sk\",\"potentialAction\":[{\"@type\":\"SearchAction\",\"target\":{\"@type\":\"EntryPoint\",\"urlTemplate\":\"https:\/\/www.novorodenec.sk\/web\/?s={search_term_string}\"},\"query-input\":{\"@type\":\"PropertyValueSpecification\",\"valueRequired\":true,\"valueName\":\"search_term_string\"}}],\"inLanguage\":\"sk-SK\"}]}<\/script>\n<!-- \/ Yoast SEO plugin. -->","yoast_head_json":{"title":"Konferencie - Novorodenec","robots":{"index":"index","follow":"follow","max-snippet":"max-snippet:-1","max-image-preview":"max-image-preview:large","max-video-preview":"max-video-preview:-1"},"canonical":"https:\/\/www.novorodenec.sk\/web\/?page_id=39","og_locale":"sk_SK","og_type":"article","og_title":"Konferencie - Novorodenec","og_description":"Aby sme novorodencom zaistili \u010do mo\u017eno najlep\u0161iu mo\u017en\u00fa starostlivos\u0165, potrebujeme najaktu\u00e1lnej\u0161ie a najnov\u0161ie inform\u00e1cie od svetov\u00fdch expertov v neonatol\u00f3gii, preto sme pravideln\u00fdmi \u00fa\u010dastn\u00edkmi a organiz\u00e1tormi medzin\u00e1rodn\u00fdch konferenci\u00ed v Ko\u0161iciach: Ko\u0161ick\u00e9 neonatologick\u00e9 konferencie od roku 2005","og_url":"https:\/\/www.novorodenec.sk\/web\/?page_id=39","og_site_name":"Novorodenec","article_modified_time":"2020-02-04T20:49:38+00:00","twitter_card":"summary_large_image","schema":{"@context":"https:\/\/schema.org","@graph":[{"@type":"WebPage","@id":"https:\/\/www.novorodenec.sk\/web\/?page_id=39","url":"https:\/\/www.novorodenec.sk\/web\/?page_id=39","name":"Konferencie - Novorodenec","isPartOf":{"@id":"https:\/\/www.novorodenec.sk\/web\/#website"},"datePublished":"2020-01-21T15:51:16+00:00","dateModified":"2020-02-04T20:49:38+00:00","breadcrumb":{"@id":"https:\/\/www.novorodenec.sk\/web\/?page_id=39#breadcrumb"},"inLanguage":"sk-SK","potentialAction":[{"@type":"ReadAction","target":["https:\/\/www.novorodenec.sk\/web\/?page_id=39"]}]},{"@type":"BreadcrumbList","@id":"https:\/\/www.novorodenec.sk\/web\/?page_id=39#breadcrumb","itemListElement":[{"@type":"ListItem","position":1,"name":"Home","item":"https:\/\/www.novorodenec.sk\/web\/"},{"@type":"ListItem","position":2,"name":"Konferencie"}]},{"@type":"WebSite","@id":"https:\/\/www.novorodenec.sk\/web\/#website","url":"https:\/\/www.novorodenec.sk\/web\/","name":"Novorodenec","description":"www.novorodenec.sk","potentialAction":[{"@type":"SearchAction","target":{"@type":"EntryPoint","urlTemplate":"https:\/\/www.novorodenec.sk\/web\/?s={search_term_string}"},"query-input":{"@type":"PropertyValueSpecification","valueRequired":true,"valueName":"search_term_string"}}],"inLanguage":"sk-SK"}]}},"_links":{"self":[{"href":"https:\/\/www.novorodenec.sk\/web\/index.php?rest_route=\/wp\/v2\/pages\/39"}],"collection":[{"href":"https:\/\/www.novorodenec.sk\/web\/index.php?rest_route=\/wp\/v2\/pages"}],"about":[{"href":"https:\/\/www.novorodenec.sk\/web\/index.php?rest_route=\/wp\/v2\/types\/page"}],"author":[{"embeddable":true,"href":"https:\/\/www.novorodenec.sk\/web\/index.php?rest_route=\/wp\/v2\/users\/1"}],"replies":[{"embeddable":true,"href":"https:\/\/www.novorodenec.sk\/web\/index.php?rest_route=%2Fwp%2Fv2%2Fcomments&post=39"}],"version-history":[{"count":4,"href":"https:\/\/www.novorodenec.sk\/web\/index.php?rest_route=\/wp\/v2\/pages\/39\/revisions"}],"predecessor-version":[{"id":140,"href":"https:\/\/www.novorodenec.sk\/web\/index.php?rest_route=\/wp\/v2\/pages\/39\/revisions\/140"}],"wp:attachment":[{"href":"https:\/\/www.novorodenec.sk\/web\/index.php?rest_route=%2Fwp%2Fv2%2Fmedia&parent=39"}],"curies":[{"name":"wp","href":"https:\/\/api.w.org\/{rel}","templated":true}]}}